{"id":20,"date":"2020-01-22T19:34:45","date_gmt":"2020-01-22T19:34:45","guid":{"rendered":"http:\/\/wp.waschbaerschutz.de\/?page_id=20"},"modified":"2025-10-02T09:04:16","modified_gmt":"2025-10-02T09:04:16","slug":"die-schaeden","status":"publish","type":"page","link":"https:\/\/waschbaerschutz.de\/?page_id=20","title":{"rendered":"Die Sch\u00e4den"},"content":{"rendered":"\n<figure class=\"wp-block-gallery has-nested-images columns-3 is-cropped ticss-564870e9 wp-block-gallery-1 is-layout-flex wp-block-gallery-is-layout-flex\">\n<figure class=\"wp-block-image size-full ticss-c45c7d03\"><img loading=\"lazy\" decoding=\"async\" width=\"300\" height=\"224\" data-id=\"289\" src=\"https:\/\/waschbaerschutz.de\/wp-content\/uploads\/2020\/02\/schaeden_trockenbauwand.jpg\" alt=\"\" class=\"wp-image-289\"\/><figcaption class=\"wp-element-caption\"><strong>Eine Trockenbauwand mit Rigips oder \u00e4hnlichem ist kein Hindernis um in den dahinter liegenden Raum zu gelangen.<\/strong><\/figcaption><\/figure>\n\n\n\n<figure class=\"wp-block-image size-full ticss-9f64bdcc\"><img loading=\"lazy\" decoding=\"async\" width=\"300\" height=\"224\" data-id=\"287\" src=\"https:\/\/waschbaerschutz.de\/wp-content\/uploads\/2020\/02\/schaeden_nistkasten.jpg\" alt=\"\" class=\"wp-image-287\"\/><figcaption class=\"wp-element-caption\"><strong>Der Inhalt von Nistk\u00e4sten ist zwar nicht Hauptnahrungsquelle, aber Eier und Nestlinge sind Beute von Marder und Waschb\u00e4ren.<\/strong><\/figcaption><\/figure>\n\n\n\n<figure class=\"wp-block-image size-full ticss-1bb44ded\"><img loading=\"lazy\" decoding=\"async\" width=\"300\" height=\"224\" data-id=\"288\" src=\"https:\/\/waschbaerschutz.de\/wp-content\/uploads\/2020\/02\/schaeden_regenwuermer.jpg\" alt=\"\" class=\"wp-image-288\"\/><figcaption class=\"wp-element-caption\"><strong>Hier hat ein Waschb\u00e4r auf der Suche nach Regenw\u00fcrmern ca. 100 Quadratmeter Rasenfl\u00e4che v\u00f6llig zerst\u00f6rt.<\/strong><\/figcaption><\/figure>\n\n\n\n<figure class=\"wp-block-image size-full ticss-7c40af66\"><img loading=\"lazy\" decoding=\"async\" width=\"300\" height=\"224\" data-id=\"285\" src=\"https:\/\/waschbaerschutz.de\/wp-content\/uploads\/2020\/02\/schaeden_latrinen.jpg\" alt=\"\" class=\"wp-image-285\"\/><figcaption class=\"wp-element-caption\"><strong>Die Latrinen, welche Waschb\u00e4ren hinterlassen, stinken bestialisch. Oft kommt es soweit, dass Urin durch die Decke in den darunter liegenden Raum tropft. Die Geruchsbel\u00e4stigung wird dann unertr\u00e4glich.<\/strong><\/figcaption><\/figure>\n\n\n\n<figure class=\"wp-block-image size-full ticss-9669f33b\"><img loading=\"lazy\" decoding=\"async\" width=\"300\" height=\"224\" data-id=\"282\" src=\"https:\/\/waschbaerschutz.de\/wp-content\/uploads\/2020\/02\/schaeden_fruechte.jpg\" alt=\"\" class=\"wp-image-282\"\/><figcaption class=\"wp-element-caption\"><strong>Waschb\u00e4ren ernten Fr\u00fcchte oft schneller als der Gartenbesitzer. Die zahlreich hinterlassenen Kothaufen findet man dann auf dem ganzen Grundst\u00fcck.<\/strong><\/figcaption><\/figure>\n\n\n\n<figure class=\"wp-block-image size-full ticss-44d7af35\"><img loading=\"lazy\" decoding=\"async\" width=\"300\" height=\"224\" data-id=\"286\" src=\"https:\/\/waschbaerschutz.de\/wp-content\/uploads\/2020\/02\/schaeden_muell.jpg\" alt=\"\" class=\"wp-image-286\"\/><figcaption class=\"wp-element-caption\"><strong>Hier ist kein Schaden entstanden, aber die Anwohner hatten wegen der \u201aPl\u00fcnderer\u2018 eine schlaflose Nacht und der Besitzer des M\u00fclleimers am n\u00e4chsten Morgen jede Menge Arbeit!<\/strong><\/figcaption><\/figure>\n\n\n\n<figure class=\"wp-block-image size-full ticss-3e8817cc\"><img loading=\"lazy\" decoding=\"async\" width=\"300\" height=\"224\" data-id=\"284\" src=\"https:\/\/waschbaerschutz.de\/wp-content\/uploads\/2020\/02\/schaeden_haustiere.jpg\" alt=\"\" class=\"wp-image-284\"\/><figcaption class=\"wp-element-caption\"><strong>Waschb\u00e4ren k\u00f6nnen \u00c4u\u00dferst aggressiv werden und haben scharfe Klauen und Z\u00e4hne. Haustiere haben in der direkten Auseinandersetzung mit ihnen meist keine Chance.<\/strong><\/figcaption><\/figure>\n\n\n\n<figure class=\"wp-block-image size-full ticss-8f661f86\"><img loading=\"lazy\" decoding=\"async\" width=\"300\" height=\"224\" data-id=\"281\" src=\"https:\/\/waschbaerschutz.de\/wp-content\/uploads\/2020\/02\/schaeden_dachboden.jpg\" alt=\"\" class=\"wp-image-281\"\/><figcaption class=\"wp-element-caption\"><strong>Dieser Dachboden wurde von Waschb\u00e4ren besucht.<\/strong><\/figcaption><\/figure>\n\n\n\n<figure class=\"wp-block-image size-full ticss-35c8a8b3\"><img loading=\"lazy\" decoding=\"async\" width=\"300\" height=\"224\" data-id=\"283\" src=\"https:\/\/waschbaerschutz.de\/wp-content\/uploads\/2020\/02\/schaeden_hausdecke.jpg\" alt=\"\" class=\"wp-image-283\"\/><figcaption class=\"wp-element-caption\"><strong>Die Deckenverkleidung fiel ins Wohnzimmer, nachdem Waschb\u00e4ren eingezogen sind. Der Hausbesitzer hat die B\u00e4ren dann zur T\u00fcr rausgejagt.<\/strong><\/figcaption><\/figure>\n<\/figure>\n\n\n\n<p><\/p>\n","protected":false},"excerpt":{"rendered":"","protected":false},"author":1,"featured_media":0,"parent":0,"menu_order":0,"comment_status":"closed","ping_status":"closed","template":"","meta":{"neve_meta_sidebar":"","neve_meta_container":"","neve_meta_enable_content_width":"on","neve_meta_content_width":88,"neve_meta_title_alignment":"","neve_meta_author_avatar":"","neve_post_elements_order":"","neve_meta_disable_header":"","neve_meta_disable_footer":"","neve_meta_disable_title":"","_themeisle_gutenberg_block_has_review":false,"footnotes":""},"class_list":["post-20","page","type-page","status-publish","hentry"],"_links":{"self":[{"href":"https:\/\/waschbaerschutz.de\/index.php?rest_route=\/wp\/v2\/pages\/20","targetHints":{"allow":["GET"]}}],"collection":[{"href":"https:\/\/waschbaerschutz.de\/index.php?rest_route=\/wp\/v2\/pages"}],"about":[{"href":"https:\/\/waschbaerschutz.de\/index.php?rest_route=\/wp\/v2\/types\/page"}],"author":[{"embeddable":true,"href":"https:\/\/waschbaerschutz.de\/index.php?rest_route=\/wp\/v2\/users\/1"}],"replies":[{"embeddable":true,"href":"https:\/\/waschbaerschutz.de\/index.php?rest_route=%2Fwp%2Fv2%2Fcomments&post=20"}],"version-history":[{"count":66,"href":"https:\/\/waschbaerschutz.de\/index.php?rest_route=\/wp\/v2\/pages\/20\/revisions"}],"predecessor-version":[{"id":723,"href":"https:\/\/waschbaerschutz.de\/index.php?rest_route=\/wp\/v2\/pages\/20\/revisions\/723"}],"wp:attachment":[{"href":"https:\/\/waschbaerschutz.de\/index.php?rest_route=%2Fwp%2Fv2%2Fmedia&parent=20"}],"curies":[{"name":"wp","href":"https:\/\/api.w.org\/{rel}","templated":true}]}}