{"id":21,"date":"2020-01-22T19:34:45","date_gmt":"2020-01-22T19:34:45","guid":{"rendered":"http:\/\/wp.waschbaerschutz.de\/?page_id=21"},"modified":"2025-10-02T08:22:36","modified_gmt":"2025-10-02T08:22:36","slug":"der-schutz","status":"publish","type":"page","link":"https:\/\/waschbaerschutz.de\/?page_id=21","title":{"rendered":"Der Schutz"},"content":{"rendered":"\n<p>Schutzma\u00dfnahmen von Mitte der neunziger Jahre sind heute nicht\n mehr ausreichend. Waschb\u00e4r und Marder haben sich innerhalb der letzten \n10 Jahre enorm an den neuen Lebensraum Stadt angepasst. <strong>Schutzma\u00dfnahmen<\/strong> wie halbmondartige Gebilde oder Stachelkr\u00e4nze werden <strong>geschickt umklettert<\/strong>.\n Waschb\u00e4ren, die Brombeeren ernten und durch Schwarzdornhecken klettern,\n kann man mit einem mit Stacheldraht umwickelten Fallrohr nicht \nbeeindrucken.<\/p>\n\n\n\n<p>Im Gegenteil sie werden das als Kletterhilfe nutzen. Nicht nur Fallrohre sondern mittlerweile auch <strong>Hausecken, Winterg\u00e4rten, Holzverkleidung, Blitzableiter<\/strong> sowie gerade W\u00e4nde, wenn sie griffig genug sind, (z.B. Klinkerwand mit tiefen Fugen) <strong>werden zum Aufstieg genutzt<\/strong>.<\/p>\n\n\n\n<div class=\"wp-block-media-text alignwide ticss-55f64750\" style=\"grid-template-columns:27% auto\"><figure class=\"wp-block-media-text__media\"><img loading=\"lazy\" decoding=\"async\" width=\"200\" height=\"150\" src=\"http:\/\/waschbaerschutz.de\/wp-content\/uploads\/2020\/02\/hausansicht_hecke.jpg\" alt=\"\" class=\"wp-image-103 size-full\"\/><\/figure><div class=\"wp-block-media-text__content\">\n<p>Schwierig zu sch\u00fctzen, aber mit <strong>waschb\u00e4rschutz<\/strong> m\u00f6glich.<\/p>\n<\/div><\/div>\n\n\n\n<div class=\"wp-block-group ticss-41e8dba2\"><div class=\"wp-block-group__inner-container is-layout-flow wp-block-group-is-layout-flow\"><div class=\"wp-block-image\">\n<figure class=\"aligncenter size-large\"><img loading=\"lazy\" decoding=\"async\" width=\"200\" height=\"150\" src=\"http:\/\/waschbaerschutz.de\/wp-content\/uploads\/2020\/02\/hausansicht_hecke.jpg\" alt=\"\" class=\"wp-image-103\"\/><\/figure>\n<\/div>\n\n\n<p class=\"has-text-align-center\">Schwierig zu sch\u00fctzen, aber mit <strong>waschb\u00e4rschutz<\/strong> m\u00f6glich.<\/p>\n<\/div><\/div>\n\n\n\n<p><\/p>\n\n\n\n<div class=\"wp-block-media-text alignwide ticss-3ad25d2d\" style=\"grid-template-columns:27% auto\"><figure class=\"wp-block-media-text__media\"><img loading=\"lazy\" decoding=\"async\" width=\"200\" height=\"150\" src=\"http:\/\/waschbaerschutz.de\/wp-content\/uploads\/2020\/02\/hausansicht_baum.jpg\" alt=\"\" class=\"wp-image-410 size-full\"\/><\/figure><div class=\"wp-block-media-text__content\">\n<p>Unauff\u00e4lliger Baumschutz<\/p>\n<\/div><\/div>\n\n\n\n<div class=\"wp-block-group ticss-5b388c8d\"><div class=\"wp-block-group__inner-container is-layout-flow wp-block-group-is-layout-flow\"><div class=\"wp-block-image\">\n<figure class=\"aligncenter size-large\"><img loading=\"lazy\" decoding=\"async\" width=\"200\" height=\"150\" src=\"http:\/\/waschbaerschutz.de\/wp-content\/uploads\/2020\/02\/hausansicht_baum.jpg\" alt=\"\" class=\"wp-image-410\"\/><\/figure>\n<\/div>\n\n\n<p class=\"has-text-align-center\">Unauff\u00e4lliger Baumschutz<\/p>\n<\/div><\/div>\n\n\n\n<p><\/p>\n\n\n\n<p>Waschb\u00e4ren halten sich bevorzugt zum Schlafen und zur \nJungtieraufzucht in der H\u00f6he auf. Hier sind sie vor Feinden am besten \ngesch\u00fctzt. <strong>Schutzma\u00dfnahmen<\/strong> m\u00fcssen daher von unten \nerfolgen. Ein Waschb\u00e4r, der bei ihnen auf das Dach kommt, wird auch \neindringen. Bevorzugt sucht er Zugang an Bleiverkleidungen, Kehlen und \nGauben. Er hat sogar die Kraft <strong>Ziegeln<\/strong> aus der Dachfl\u00e4che herauszuhebeln. Ein wirksamer Schutz kann nur am <strong>gesamten Geb\u00e4ude<\/strong> mit eventueller <strong>angrenzender Dachfl\u00e4chen<\/strong> erfolgen. Es m\u00fcssen alle Aufstiegsm\u00f6glichkeiten verhindert werden.<\/p>\n\n\n\n<p>Hierzu verwenden wir verschieden Produkte und Materialien, \nwelche die Ansicht des Geb\u00e4udes m\u00f6glichst wenig beeintr\u00e4chtigen. Bei \nGeb\u00e4uden, die etwas schwieriger zu sichern sind setzen, wir <strong>E-Zaunanlagen<\/strong> (\u00e4hnlich wie auf einer Pferdeweide) ein. Grunds\u00e4tzlich ist abh\u00e4ngig vom Aufwand ein <strong>Schutz immer m\u00f6glich<\/strong>. Es gibt keinen wirksamen Universalschutz. <strong>Alle Produkte<\/strong> werden f\u00fcr jedes Projekt <strong>einzeln angepasst<\/strong> und <strong>waschb\u00e4rsicher<\/strong> montiert.<\/p>\n\n\n\n<div class=\"wp-block-media-text alignwide ticss-94b36995\" style=\"grid-template-columns:27% auto\"><figure class=\"wp-block-media-text__media\"><img loading=\"lazy\" decoding=\"async\" width=\"200\" height=\"150\" src=\"http:\/\/waschbaerschutz.de\/wp-content\/uploads\/2020\/02\/hausansicht_balkon.jpg\" alt=\"\" class=\"wp-image-409 size-full\"\/><\/figure><div class=\"wp-block-media-text__content\">\n<p>Kletterschutz am Fallrohr<\/p>\n<\/div><\/div>\n\n\n\n<div class=\"wp-block-group ticss-0402c9a3\"><div class=\"wp-block-group__inner-container is-layout-flow wp-block-group-is-layout-flow\"><div class=\"wp-block-image\">\n<figure class=\"aligncenter size-large\"><img loading=\"lazy\" decoding=\"async\" width=\"200\" height=\"150\" src=\"http:\/\/waschbaerschutz.de\/wp-content\/uploads\/2020\/02\/hausansicht_balkon.jpg\" alt=\"\" class=\"wp-image-409\"\/><\/figure>\n<\/div>\n\n\n<p class=\"has-text-align-center\">Kletterschutz am Fallrohr<\/p>\n<\/div><\/div>\n\n\n\n<p><\/p>\n\n\n\n<div class=\"wp-block-media-text alignwide ticss-78b628ab\" style=\"grid-template-columns:27% auto\"><figure class=\"wp-block-media-text__media\"><img loading=\"lazy\" decoding=\"async\" width=\"200\" height=\"150\" src=\"http:\/\/waschbaerschutz.de\/wp-content\/uploads\/2020\/02\/frank-becker_thorsten-morbizer.jpg\" alt=\"\" class=\"wp-image-408 size-full\"\/><\/figure><div class=\"wp-block-media-text__content\">\n<p>Frank Becker (links) und Thorsten Morbitzer auf der Fr\u00fchjahrsausstellung<\/p>\n<\/div><\/div>\n\n\n\n<div class=\"wp-block-group ticss-c8ad8615\"><div class=\"wp-block-group__inner-container is-layout-flow wp-block-group-is-layout-flow\"><div class=\"wp-block-image\">\n<figure class=\"aligncenter size-large\"><img loading=\"lazy\" decoding=\"async\" width=\"200\" height=\"150\" src=\"http:\/\/waschbaerschutz.de\/wp-content\/uploads\/2020\/02\/frank-becker_thorsten-morbizer.jpg\" alt=\"\" class=\"wp-image-408\"\/><\/figure>\n<\/div>\n\n\n<p class=\"has-text-align-center\">Frank Becker (links) und Thorsten Morbitzer auf der Fr\u00fchjahrsausstellung<\/p>\n<\/div><\/div>\n\n\n\n<p><\/p>\n","protected":false},"excerpt":{"rendered":"<p>Schutzma\u00dfnahmen von Mitte der neunziger Jahre sind heute nicht mehr ausreichend. Waschb\u00e4r und Marder haben sich innerhalb der letzten 10 Jahre enorm an den neuen Lebensraum Stadt angepasst. Schutzma\u00dfnahmen wie halbmondartige Gebilde oder Stachelkr\u00e4nze werden geschickt umklettert. Waschb\u00e4ren, die Brombeeren ernten und durch Schwarzdornhecken klettern, kann man mit einem mit Stacheldraht umwickelten Fallrohr nicht beeindrucken.&hellip;&nbsp;<a href=\"https:\/\/waschbaerschutz.de\/?page_id=21\" rel=\"bookmark\">Weiterlesen &raquo;<span class=\"screen-reader-text\">Der Schutz<\/span><\/a><\/p>\n","protected":false},"author":1,"featured_media":0,"parent":0,"menu_order":0,"comment_status":"closed","ping_status":"closed","template":"","meta":{"neve_meta_sidebar":"","neve_meta_container":"","neve_meta_enable_content_width":"off","neve_meta_content_width":0,"neve_meta_title_alignment":"","neve_meta_author_avatar":"","neve_post_elements_order":"","neve_meta_disable_header":"","neve_meta_disable_footer":"","neve_meta_disable_title":"","_themeisle_gutenberg_block_has_review":false,"footnotes":""},"class_list":["post-21","page","type-page","status-publish","hentry"],"_links":{"self":[{"href":"https:\/\/waschbaerschutz.de\/index.php?rest_route=\/wp\/v2\/pages\/21","targetHints":{"allow":["GET"]}}],"collection":[{"href":"https:\/\/waschbaerschutz.de\/index.php?rest_route=\/wp\/v2\/pages"}],"about":[{"href":"https:\/\/waschbaerschutz.de\/index.php?rest_route=\/wp\/v2\/types\/page"}],"author":[{"embeddable":true,"href":"https:\/\/waschbaerschutz.de\/index.php?rest_route=\/wp\/v2\/users\/1"}],"replies":[{"embeddable":true,"href":"https:\/\/waschbaerschutz.de\/index.php?rest_route=%2Fwp%2Fv2%2Fcomments&post=21"}],"version-history":[{"count":11,"href":"https:\/\/waschbaerschutz.de\/index.php?rest_route=\/wp\/v2\/pages\/21\/revisions"}],"predecessor-version":[{"id":699,"href":"https:\/\/waschbaerschutz.de\/index.php?rest_route=\/wp\/v2\/pages\/21\/revisions\/699"}],"wp:attachment":[{"href":"https:\/\/waschbaerschutz.de\/index.php?rest_route=%2Fwp%2Fv2%2Fmedia&parent=21"}],"curies":[{"name":"wp","href":"https:\/\/api.w.org\/{rel}","templated":true}]}}

<p>Schutzmaßnahmen von Mitte der neunziger Jahre sind heute nicht
 mehr ausreichend. Waschbär und Marder haben sich innerhalb der letzten 
10 Jahre enorm an den neuen Lebensraum Stadt angepasst. <strong>Schutzmaßnahmen</strong> wie halbmondartige Gebilde oder Stachelkränze werden <strong>geschickt umklettert</strong>.
 Waschbären, die Brombeeren ernten und durch Schwarzdornhecken klettern,
 kann man mit einem mit Stacheldraht umwickelten Fallrohr nicht 
beeindrucken.</p>



<p>Im Gegenteil sie werden das als Kletterhilfe nutzen. Nicht nur Fallrohre sondern mittlerweile auch <strong>Hausecken, Wintergärten, Holzverkleidung, Blitzableiter</strong> sowie gerade Wände, wenn sie griffig genug sind, (z.B. Klinkerwand mit tiefen Fugen) <strong>werden zum Aufstieg genutzt</strong>.</p>



<div class="wp-block-media-text alignwide ticss-55f64750" style="grid-template-columns:27% auto"><figure class="wp-block-media-text__media"><img loading="lazy" decoding="async" width="200" height="150" src="http://waschbaerschutz.de/wp-content/uploads/2020/02/hausansicht_hecke.jpg" alt="" class="wp-image-103 size-full"/></figure><div class="wp-block-media-text__content">
<p>Schwierig zu schützen, aber mit <strong>waschbärschutz</strong> möglich.</p>
</div></div>



<div class="wp-block-group ticss-41e8dba2"><div class="wp-block-group__inner-container is-layout-flow wp-block-group-is-layout-flow"><div class="wp-block-image">
<figure class="aligncenter size-large"><img loading="lazy" decoding="async" width="200" height="150" src="http://waschbaerschutz.de/wp-content/uploads/2020/02/hausansicht_hecke.jpg" alt="" class="wp-image-103"/></figure>
</div>


<p class="has-text-align-center">Schwierig zu schützen, aber mit <strong>waschbärschutz</strong> möglich.</p>
</div></div>



<p></p>



<div class="wp-block-media-text alignwide ticss-3ad25d2d" style="grid-template-columns:27% auto"><figure class="wp-block-media-text__media"><img loading="lazy" decoding="async" width="200" height="150" src="http://waschbaerschutz.de/wp-content/uploads/2020/02/hausansicht_baum.jpg" alt="" class="wp-image-410 size-full"/></figure><div class="wp-block-media-text__content">
<p>Unauffälliger Baumschutz</p>
</div></div>



<div class="wp-block-group ticss-5b388c8d"><div class="wp-block-group__inner-container is-layout-flow wp-block-group-is-layout-flow"><div class="wp-block-image">
<figure class="aligncenter size-large"><img loading="lazy" decoding="async" width="200" height="150" src="http://waschbaerschutz.de/wp-content/uploads/2020/02/hausansicht_baum.jpg" alt="" class="wp-image-410"/></figure>
</div>


<p class="has-text-align-center">Unauffälliger Baumschutz</p>
</div></div>



<p></p>



<p>Waschbären halten sich bevorzugt zum Schlafen und zur 
Jungtieraufzucht in der Höhe auf. Hier sind sie vor Feinden am besten 
geschützt. <strong>Schutzmaßnahmen</strong> müssen daher von unten 
erfolgen. Ein Waschbär, der bei ihnen auf das Dach kommt, wird auch 
eindringen. Bevorzugt sucht er Zugang an Bleiverkleidungen, Kehlen und 
Gauben. Er hat sogar die Kraft <strong>Ziegeln</strong> aus der Dachfläche herauszuhebeln. Ein wirksamer Schutz kann nur am <strong>gesamten Gebäude</strong> mit eventueller <strong>angrenzender Dachflächen</strong> erfolgen. Es müssen alle Aufstiegsmöglichkeiten verhindert werden.</p>



<p>Hierzu verwenden wir verschieden Produkte und Materialien, 
welche die Ansicht des Gebäudes möglichst wenig beeinträchtigen. Bei 
Gebäuden, die etwas schwieriger zu sichern sind setzen, wir <strong>E-Zaunanlagen</strong> (ähnlich wie auf einer Pferdeweide) ein. Grundsätzlich ist abhängig vom Aufwand ein <strong>Schutz immer möglich</strong>. Es gibt keinen wirksamen Universalschutz. <strong>Alle Produkte</strong> werden für jedes Projekt <strong>einzeln angepasst</strong> und <strong>waschbärsicher</strong> montiert.</p>



<div class="wp-block-media-text alignwide ticss-94b36995" style="grid-template-columns:27% auto"><figure class="wp-block-media-text__media"><img loading="lazy" decoding="async" width="200" height="150" src="http://waschbaerschutz.de/wp-content/uploads/2020/02/hausansicht_balkon.jpg" alt="" class="wp-image-409 size-full"/></figure><div class="wp-block-media-text__content">
<p>Kletterschutz am Fallrohr</p>
</div></div>



<div class="wp-block-group ticss-0402c9a3"><div class="wp-block-group__inner-container is-layout-flow wp-block-group-is-layout-flow"><div class="wp-block-image">
<figure class="aligncenter size-large"><img loading="lazy" decoding="async" width="200" height="150" src="http://waschbaerschutz.de/wp-content/uploads/2020/02/hausansicht_balkon.jpg" alt="" class="wp-image-409"/></figure>
</div>


<p class="has-text-align-center">Kletterschutz am Fallrohr</p>
</div></div>



<p></p>



<div class="wp-block-media-text alignwide ticss-78b628ab" style="grid-template-columns:27% auto"><figure class="wp-block-media-text__media"><img loading="lazy" decoding="async" width="200" height="150" src="http://waschbaerschutz.de/wp-content/uploads/2020/02/frank-becker_thorsten-morbizer.jpg" alt="" class="wp-image-408 size-full"/></figure><div class="wp-block-media-text__content">
<p>Frank Becker (links) und Thorsten Morbitzer auf der Frühjahrsausstellung</p>
</div></div>



<div class="wp-block-group ticss-c8ad8615"><div class="wp-block-group__inner-container is-layout-flow wp-block-group-is-layout-flow"><div class="wp-block-image">
<figure class="aligncenter size-large"><img loading="lazy" decoding="async" width="200" height="150" src="http://waschbaerschutz.de/wp-content/uploads/2020/02/frank-becker_thorsten-morbizer.jpg" alt="" class="wp-image-408"/></figure>
</div>


<p class="has-text-align-center">Frank Becker (links) und Thorsten Morbitzer auf der Frühjahrsausstellung</p>
</div></div>



<p></p>

<p>Schutzmaßnahmen von Mitte der neunziger Jahre sind heute nicht mehr ausreichend. Waschbär und Marder haben sich innerhalb der letzten 10 Jahre enorm an den neuen Lebensraum Stadt angepasst. Schutzmaßnahmen wie halbmondartige Gebilde oder Stachelkränze werden geschickt umklettert. Waschbären, die Brombeeren ernten und durch Schwarzdornhecken klettern, kann man mit einem mit Stacheldraht umwickelten Fallrohr nicht beeindrucken.&hellip;&nbsp;<a href="https://waschbaerschutz.de/?page_id=21" rel="bookmark">Weiterlesen &raquo;<span class="screen-reader-text">Der Schutz</span></a></p>
