{"id":24,"date":"2020-01-22T19:34:45","date_gmt":"2020-01-22T19:34:45","guid":{"rendered":"http:\/\/wp.waschbaerschutz.de\/?page_id=24"},"modified":"2025-09-29T17:05:00","modified_gmt":"2025-09-29T17:05:00","slug":"fangjagd","status":"publish","type":"page","link":"https:\/\/waschbaerschutz.de\/?page_id=24","title":{"rendered":"Fangjagd"},"content":{"rendered":"\n<p>Die Fangjagd wird von uns ausgef\u00fchrt in F\u00e4llen wo andere \nSchutzma\u00dfnahmen nicht m\u00f6glich sind und die Belastung f\u00fcr Mensch und \nUmfeld nicht mehr vertretbar ist. Alle T\u00e4tigkeiten in diesem \nZusammenhang werden unter Beachtung der g\u00fcltigen Gesetze und \nVerordnungen durchgef\u00fchrt.<\/p>\n\n\n\n<h3 class=\"wp-block-heading\">Selbsthilfe und rechtliche Voraussetzungen<\/h3>\n\n\n\n<p>Wer die Fangjagd selbst aus\u00fcben will muss <a href=\"https:\/\/waschbaerschutz.de\/?page_id=112\/#g1\">\u00a719 HJagdG*<\/a> beachten. Weiterhin muss die &#8222;<a href=\"https:\/\/waschbaerschutz.de\/?page_id=112\/#g2\">Verordnung \u00fcber die Bestimmung weiterer Tierarten die dem Jagdrecht unterliegen in Hessen<\/a>&#8220; sowie die &#8222;<a href=\"https:\/\/waschbaerschutz.de\/?page_id=112\/#g3\">Fangjagdverordnung Hessen<\/a>&#8220; eingehalten werden. Wer auf seinem Grundst\u00fcck <a href=\"https:\/\/waschbaerschutz.de\/?page_id=112\/#g4\">\u00a75 HJagdG<\/a> ein Tier f\u00e4ngt <a href=\"https:\/\/waschbaerschutz.de\/?page_id=112\/#g5\">\u00a720 BJagdG<\/a>** sowie <a href=\"https:\/\/waschbaerschutz.de\/?page_id=112\/#g6\">\u00a722 BJagdG<\/a> und es woanders aussetzt verst\u00f6\u00dft gegen <a href=\"https:\/\/waschbaerschutz.de\/?page_id=112\/#g7\">\u00a728 Abs.3 BJagdG<\/a> und <a href=\"https:\/\/waschbaerschutz.de\/?page_id=112\/#g8\">\u00a723 Abs.8 HJagdG<\/a>. Zuwiderhandlungen k\u00f6nnen nach <a href=\"https:\/\/waschbaerschutz.de\/?page_id=112\/#g9\">\u00a738 BJagdG<\/a> und <a href=\"https:\/\/waschbaerschutz.de\/?page_id=112\/#g10\">\u00a717 Tierschutzgesetz<\/a> mit Freiheitsstrafe bis zu 5 Jahren bestraft werden. Nach <a href=\"https:\/\/waschbaerschutz.de\/?page_id=112\/#g11\">\u00a742 Abs.8, 10, 17.4 HJagdG<\/a> k\u00f6nnen Ordnungswidrigkeiten mit bis zu 25.000 \u20ac geahndet werden.<\/p>\n\n\n\n<p>*  Hessisches Jagdgesetz<br>** Bundesjagdgesetz<\/p>\n","protected":false},"excerpt":{"rendered":"<p>Die Fangjagd wird von uns ausgef\u00fchrt in F\u00e4llen wo andere Schutzma\u00dfnahmen nicht m\u00f6glich sind und die Belastung f\u00fcr Mensch und Umfeld nicht mehr vertretbar ist. Alle T\u00e4tigkeiten in diesem Zusammenhang werden unter Beachtung der g\u00fcltigen Gesetze und Verordnungen durchgef\u00fchrt. Selbsthilfe und rechtliche Voraussetzungen Wer die Fangjagd selbst aus\u00fcben will muss \u00a719 HJagdG* beachten. Weiterhin muss&hellip;&nbsp;<a href=\"https:\/\/waschbaerschutz.de\/?page_id=24\" rel=\"bookmark\">Weiterlesen &raquo;<span class=\"screen-reader-text\">Fangjagd<\/span><\/a><\/p>\n","protected":false},"author":1,"featured_media":0,"parent":0,"menu_order":0,"comment_status":"closed","ping_status":"closed","template":"","meta":{"neve_meta_sidebar":"","neve_meta_container":"","neve_meta_enable_content_width":"off","neve_meta_content_width":0,"neve_meta_title_alignment":"","neve_meta_author_avatar":"","neve_post_elements_order":"","neve_meta_disable_header":"","neve_meta_disable_footer":"","neve_meta_disable_title":"","_themeisle_gutenberg_block_has_review":false,"footnotes":""},"class_list":["post-24","page","type-page","status-publish","hentry"],"_links":{"self":[{"href":"https:\/\/waschbaerschutz.de\/index.php?rest_route=\/wp\/v2\/pages\/24","targetHints":{"allow":["GET"]}}],"collection":[{"href":"https:\/\/waschbaerschutz.de\/index.php?rest_route=\/wp\/v2\/pages"}],"about":[{"href":"https:\/\/waschbaerschutz.de\/index.php?rest_route=\/wp\/v2\/types\/page"}],"author":[{"embeddable":true,"href":"https:\/\/waschbaerschutz.de\/index.php?rest_route=\/wp\/v2\/users\/1"}],"replies":[{"embeddable":true,"href":"https:\/\/waschbaerschutz.de\/index.php?rest_route=%2Fwp%2Fv2%2Fcomments&post=24"}],"version-history":[{"count":7,"href":"https:\/\/waschbaerschutz.de\/index.php?rest_route=\/wp\/v2\/pages\/24\/revisions"}],"predecessor-version":[{"id":698,"href":"https:\/\/waschbaerschutz.de\/index.php?rest_route=\/wp\/v2\/pages\/24\/revisions\/698"}],"wp:attachment":[{"href":"https:\/\/waschbaerschutz.de\/index.php?rest_route=%2Fwp%2Fv2%2Fmedia&parent=24"}],"curies":[{"name":"wp","href":"https:\/\/api.w.org\/{rel}","templated":true}]}}